{"id":24214,"date":"2021-04-07T12:29:57","date_gmt":"2021-04-07T10:29:57","guid":{"rendered":"https:\/\/andaluciaaerospace.com\/socios_colaboradores\/camara-de-sevilla\/"},"modified":"2021-06-24T09:36:49","modified_gmt":"2021-06-24T07:36:49","slug":"camara-de-sevilla","status":"publish","type":"socios_colaboradores","link":"https:\/\/andaluciaaerospace.com\/en\/collaborators\/camara-de-sevilla\/","title":{"rendered":"C\u00e1mara de Sevilla"},"content":{"rendered":"","protected":false},"featured_media":23541,"template":"","categorias_de_colaboradores":[198],"class_list":["post-24214","socios_colaboradores","type-socios_colaboradores","status-publish","has-post-thumbnail","hentry","categorias_de_colaboradores-plata-en"],"acf":[],"yoast_head":"<!-- This site is optimized with the Yoast SEO plugin v23.6 - https:\/\/yoast.com\/wordpress\/plugins\/seo\/ -->\n<title>C\u00e1mara de Sevilla - Andaluc\u00eda Aerospace<\/title>\n<meta name=\"robots\" content=\"noindex, follow\" \/>\n<meta property=\"og:locale\" content=\"en_US\" \/>\n<meta property=\"og:type\" content=\"article\" \/>\n<meta property=\"og:title\" content=\"C\u00e1mara de Sevilla - Andaluc\u00eda Aerospace\" \/>\n<meta property=\"og:url\" content=\"https:\/\/andaluciaaerospace.com\/en\/collaborators\/camara-de-sevilla\/\" \/>\n<meta property=\"og:site_name\" content=\"Andaluc\u00eda Aerospace\" \/>\n<meta property=\"article:modified_time\" content=\"2021-06-24T07:36:49+00:00\" \/>\n<meta property=\"og:image\" content=\"https:\/\/andaluciaaerospace.com\/wp-content\/uploads\/2021\/04\/camara-comercio-sevilla.png\" \/>\n\t<meta property=\"og:image:width\" content=\"800\" \/>\n\t<meta property=\"og:image:height\" content=\"467\" \/>\n\t<meta property=\"og:image:type\" content=\"image\/png\" \/>\n<meta name=\"twitter:card\" content=\"summary_large_image\" \/>\n<script type=\"application\/ld+json\" class=\"yoast-schema-graph\">{\"@context\":\"https:\/\/schema.org\",\"@graph\":[{\"@type\":\"WebPage\",\"@id\":\"https:\/\/andaluciaaerospace.com\/en\/collaborators\/camara-de-sevilla\/\",\"url\":\"https:\/\/andaluciaaerospace.com\/en\/collaborators\/camara-de-sevilla\/\",\"name\":\"C\u00e1mara de Sevilla - Andaluc\u00eda Aerospace\",\"isPartOf\":{\"@id\":\"https:\/\/andaluciaaerospace.com\/en\/#website\"},\"primaryImageOfPage\":{\"@id\":\"https:\/\/andaluciaaerospace.com\/en\/collaborators\/camara-de-sevilla\/#primaryimage\"},\"image\":{\"@id\":\"https:\/\/andaluciaaerospace.com\/en\/collaborators\/camara-de-sevilla\/#primaryimage\"},\"thumbnailUrl\":\"https:\/\/andaluciaaerospace.com\/wp-content\/uploads\/2021\/04\/camara-comercio-sevilla.png\",\"datePublished\":\"2021-04-07T10:29:57+00:00\",\"dateModified\":\"2021-06-24T07:36:49+00:00\",\"breadcrumb\":{\"@id\":\"https:\/\/andaluciaaerospace.com\/en\/collaborators\/camara-de-sevilla\/#breadcrumb\"},\"inLanguage\":\"en-US\",\"potentialAction\":[{\"@type\":\"ReadAction\",\"target\":[\"https:\/\/andaluciaaerospace.com\/en\/collaborators\/camara-de-sevilla\/\"]}]},{\"@type\":\"ImageObject\",\"inLanguage\":\"en-US\",\"@id\":\"https:\/\/andaluciaaerospace.com\/en\/collaborators\/camara-de-sevilla\/#primaryimage\",\"url\":\"https:\/\/andaluciaaerospace.com\/wp-content\/uploads\/2021\/04\/camara-comercio-sevilla.png\",\"contentUrl\":\"https:\/\/andaluciaaerospace.com\/wp-content\/uploads\/2021\/04\/camara-comercio-sevilla.png\",\"width\":800,\"height\":467},{\"@type\":\"BreadcrumbList\",\"@id\":\"https:\/\/andaluciaaerospace.com\/en\/collaborators\/camara-de-sevilla\/#breadcrumb\",\"itemListElement\":[{\"@type\":\"ListItem\",\"position\":1,\"name\":\"Portada\",\"item\":\"https:\/\/andaluciaaerospace.com\/en\/\"},{\"@type\":\"ListItem\",\"position\":2,\"name\":\"Socios colaboradores\",\"item\":\"https:\/\/andaluciaaerospace.com\/en\/collaborators\/\"},{\"@type\":\"ListItem\",\"position\":3,\"name\":\"C\u00e1mara de Sevilla\"}]},{\"@type\":\"WebSite\",\"@id\":\"https:\/\/andaluciaaerospace.com\/en\/#website\",\"url\":\"https:\/\/andaluciaaerospace.com\/en\/\",\"name\":\"Andaluc\u00eda Aerospace\",\"description\":\"Cluster empresarial aeron\u00e1utico\",\"potentialAction\":[{\"@type\":\"SearchAction\",\"target\":{\"@type\":\"EntryPoint\",\"urlTemplate\":\"https:\/\/andaluciaaerospace.com\/en\/?s={search_term_string}\"},\"query-input\":{\"@type\":\"PropertyValueSpecification\",\"valueRequired\":true,\"valueName\":\"search_term_string\"}}],\"inLanguage\":\"en-US\"}]}<\/script>\n<!-- \/ Yoast SEO plugin. -->","yoast_head_json":{"title":"C\u00e1mara de Sevilla - Andaluc\u00eda Aerospace","robots":{"index":"noindex","follow":"follow"},"og_locale":"en_US","og_type":"article","og_title":"C\u00e1mara de Sevilla - Andaluc\u00eda Aerospace","og_url":"https:\/\/andaluciaaerospace.com\/en\/collaborators\/camara-de-sevilla\/","og_site_name":"Andaluc\u00eda Aerospace","article_modified_time":"2021-06-24T07:36:49+00:00","og_image":[{"width":800,"height":467,"url":"https:\/\/andaluciaaerospace.com\/wp-content\/uploads\/2021\/04\/camara-comercio-sevilla.png","type":"image\/png"}],"twitter_card":"summary_large_image","schema":{"@context":"https:\/\/schema.org","@graph":[{"@type":"WebPage","@id":"https:\/\/andaluciaaerospace.com\/en\/collaborators\/camara-de-sevilla\/","url":"https:\/\/andaluciaaerospace.com\/en\/collaborators\/camara-de-sevilla\/","name":"C\u00e1mara de Sevilla - Andaluc\u00eda Aerospace","isPartOf":{"@id":"https:\/\/andaluciaaerospace.com\/en\/#website"},"primaryImageOfPage":{"@id":"https:\/\/andaluciaaerospace.com\/en\/collaborators\/camara-de-sevilla\/#primaryimage"},"image":{"@id":"https:\/\/andaluciaaerospace.com\/en\/collaborators\/camara-de-sevilla\/#primaryimage"},"thumbnailUrl":"https:\/\/andaluciaaerospace.com\/wp-content\/uploads\/2021\/04\/camara-comercio-sevilla.png","datePublished":"2021-04-07T10:29:57+00:00","dateModified":"2021-06-24T07:36:49+00:00","breadcrumb":{"@id":"https:\/\/andaluciaaerospace.com\/en\/collaborators\/camara-de-sevilla\/#breadcrumb"},"inLanguage":"en-US","potentialAction":[{"@type":"ReadAction","target":["https:\/\/andaluciaaerospace.com\/en\/collaborators\/camara-de-sevilla\/"]}]},{"@type":"ImageObject","inLanguage":"en-US","@id":"https:\/\/andaluciaaerospace.com\/en\/collaborators\/camara-de-sevilla\/#primaryimage","url":"https:\/\/andaluciaaerospace.com\/wp-content\/uploads\/2021\/04\/camara-comercio-sevilla.png","contentUrl":"https:\/\/andaluciaaerospace.com\/wp-content\/uploads\/2021\/04\/camara-comercio-sevilla.png","width":800,"height":467},{"@type":"BreadcrumbList","@id":"https:\/\/andaluciaaerospace.com\/en\/collaborators\/camara-de-sevilla\/#breadcrumb","itemListElement":[{"@type":"ListItem","position":1,"name":"Portada","item":"https:\/\/andaluciaaerospace.com\/en\/"},{"@type":"ListItem","position":2,"name":"Socios colaboradores","item":"https:\/\/andaluciaaerospace.com\/en\/collaborators\/"},{"@type":"ListItem","position":3,"name":"C\u00e1mara de Sevilla"}]},{"@type":"WebSite","@id":"https:\/\/andaluciaaerospace.com\/en\/#website","url":"https:\/\/andaluciaaerospace.com\/en\/","name":"Andaluc\u00eda Aerospace","description":"Cluster empresarial aeron\u00e1utico","potentialAction":[{"@type":"SearchAction","target":{"@type":"EntryPoint","urlTemplate":"https:\/\/andaluciaaerospace.com\/en\/?s={search_term_string}"},"query-input":{"@type":"PropertyValueSpecification","valueRequired":true,"valueName":"search_term_string"}}],"inLanguage":"en-US"}]}},"_links":{"self":[{"href":"https:\/\/andaluciaaerospace.com\/en\/wp-json\/wp\/v2\/socios_colaboradores\/24214","targetHints":{"allow":["GET"]}}],"collection":[{"href":"https:\/\/andaluciaaerospace.com\/en\/wp-json\/wp\/v2\/socios_colaboradores"}],"about":[{"href":"https:\/\/andaluciaaerospace.com\/en\/wp-json\/wp\/v2\/types\/socios_colaboradores"}],"wp:featuredmedia":[{"embeddable":true,"href":"https:\/\/andaluciaaerospace.com\/en\/wp-json\/wp\/v2\/media\/23541"}],"wp:attachment":[{"href":"https:\/\/andaluciaaerospace.com\/en\/wp-json\/wp\/v2\/media?parent=24214"}],"wp:term":[{"taxonomy":"categorias_de_colaboradores","embeddable":true,"href":"https:\/\/andaluciaaerospace.com\/en\/wp-json\/wp\/v2\/categorias_de_colaboradores?post=24214"}],"curies":[{"name":"wp","href":"https:\/\/api.w.org\/{rel}","templated":true}]}}

Cámara de Sevilla

<!-- This site is optimized with the Yoast SEO plugin v23.6 - https://yoast.com/wordpress/plugins/seo/ -->
<title>Cámara de Sevilla - Andalucía Aerospace</title>
<meta name="robots" content="noindex, follow" />
<meta property="og:locale" content="en_US" />
<meta property="og:type" content="article" />
<meta property="og:title" content="Cámara de Sevilla - Andalucía Aerospace" />
<meta property="og:url" content="https://andaluciaaerospace.com/en/collaborators/camara-de-sevilla/" />
<meta property="og:site_name" content="Andalucía Aerospace" />
<meta property="article:modified_time" content="2021-06-24T07:36:49+00:00" />
<meta property="og:image" content="https://andaluciaaerospace.com/wp-content/uploads/2021/04/camara-comercio-sevilla.png" />
	<meta property="og:image:width" content="800" />
	<meta property="og:image:height" content="467" />
	<meta property="og:image:type" content="image/png" />
<meta name="twitter:card" content="summary_large_image" />
<script type="application/ld+json" class="yoast-schema-graph">{"@context":"https://schema.org","@graph":[{"@type":"WebPage","@id":"https://andaluciaaerospace.com/en/collaborators/camara-de-sevilla/","url":"https://andaluciaaerospace.com/en/collaborators/camara-de-sevilla/","name":"Cámara de Sevilla - Andalucía Aerospace","isPartOf":{"@id":"https://andaluciaaerospace.com/en/#website"},"primaryImageOfPage":{"@id":"https://andaluciaaerospace.com/en/collaborators/camara-de-sevilla/#primaryimage"},"image":{"@id":"https://andaluciaaerospace.com/en/collaborators/camara-de-sevilla/#primaryimage"},"thumbnailUrl":"https://andaluciaaerospace.com/wp-content/uploads/2021/04/camara-comercio-sevilla.png","datePublished":"2021-04-07T10:29:57+00:00","dateModified":"2021-06-24T07:36:49+00:00","breadcrumb":{"@id":"https://andaluciaaerospace.com/en/collaborators/camara-de-sevilla/#breadcrumb"},"inLanguage":"en-US","potentialAction":[{"@type":"ReadAction","target":["https://andaluciaaerospace.com/en/collaborators/camara-de-sevilla/"]}]},{"@type":"ImageObject","inLanguage":"en-US","@id":"https://andaluciaaerospace.com/en/collaborators/camara-de-sevilla/#primaryimage","url":"https://andaluciaaerospace.com/wp-content/uploads/2021/04/camara-comercio-sevilla.png","contentUrl":"https://andaluciaaerospace.com/wp-content/uploads/2021/04/camara-comercio-sevilla.png","width":800,"height":467},{"@type":"BreadcrumbList","@id":"https://andaluciaaerospace.com/en/collaborators/camara-de-sevilla/#breadcrumb","itemListElement":[{"@type":"ListItem","position":1,"name":"Portada","item":"https://andaluciaaerospace.com/en/"},{"@type":"ListItem","position":2,"name":"Socios colaboradores","item":"https://andaluciaaerospace.com/en/collaborators/"},{"@type":"ListItem","position":3,"name":"Cámara de Sevilla"}]},{"@type":"WebSite","@id":"https://andaluciaaerospace.com/en/#website","url":"https://andaluciaaerospace.com/en/","name":"Andalucía Aerospace","description":"Cluster empresarial aeronáutico","potentialAction":[{"@type":"SearchAction","target":{"@type":"EntryPoint","urlTemplate":"https://andaluciaaerospace.com/en/?s={search_term_string}"},"query-input":{"@type":"PropertyValueSpecification","valueRequired":true,"valueName":"search_term_string"}}],"inLanguage":"en-US"}]}</script>
<!-- / Yoast SEO plugin. -->

Cámara de Sevilla - Andalucía Aerospace

Andalucía Aerospace

Cluster empresarial aeronáutico
