{"id":24321,"date":"2021-03-04T15:52:20","date_gmt":"2021-03-04T15:52:20","guid":{"rendered":"https:\/\/andaluciaaerospace.com\/politica-de-privacidad\/"},"modified":"2021-06-25T11:59:45","modified_gmt":"2021-06-25T09:59:45","slug":"privacy-policy","status":"publish","type":"page","link":"https:\/\/andaluciaaerospace.com\/en\/privacy-policy\/","title":{"rendered":"Privacy policy"},"content":{"rendered":"<div class=\"cabecera-con-degradado\">\n<span class=\"degradado-cabecera\"><\/span><br \/>\n<img decoding=\"async\" class=\"wp-post-image\" src=\"http:\/\/andaluciaaerospace.com\/wp-content\/uploads\/2021\/04\/cabecera-contacto.jpg\" alt=\"Avi\u00f3n volando en puesta de sol\" \/>\n<\/div>\n<div class=\"asociado container-fluid pt-5 mb-5\">\n<div class=\"row\">\n<div class=\"col-xs-12 col-md-1\"><\/div>\n<div class=\"col-xs-12 col-md-10\">\n<h1 class=\"pb-2 mb-4\">Pol\u00edtica de privacidad<\/h1>\n<div class=\"px-5\">\n<p class=\"texto\">En cumplimiento de lo dispuesto en el Reglamento (UE) 2016\/679 de 27 de abril (GDPR) y la Ley Org\u00e1nica 3\/2018 de 5 de diciembre (LOPDGDD) le informamos de que:<\/p>\n<ul>\n<li>Sus datos personales, proporcionados v\u00eda formulario en la presente web o v\u00eda e-mail, son confidenciales y formar\u00e1n parte de los ficheros automatizados titularidad de Asociaci\u00f3n De Empresas Del Sector Aeroespacial De Andalucia H\u00e9lice (en adelante <<ANDALUCIA AEROSPACE>>), CIF G90359217, con domicilio en Calle Ingeniero Rafael Rubio Elola 1, 2\u00aa Planta, Oficina M.2.4 Oeste, Parque Tecnol\u00f3gico Aeron\u00e1utico \u201cAer\u00f3polis\u201d, 41300 San Jos\u00e9 de la Rinconada, Sevilla (Espa\u00f1a). Dichos ficheros est\u00e1n inscritos en el Registro General de Protecci\u00f3n de Datos de la Agencia Espa\u00f1ola de Protecci\u00f3n de Datos.<\/li>\n<li>El responsable del tratamiento automatizado de sus datos personales es ANDALUC\u00cdA AEROSPACE.<\/li>\n<li>Los datos solicitados son necesarios para inscribirse o formar parte de la actividad organizada por ANDALUC\u00cdA AEROSPACE. La recogida y el tratamiento de los datos est\u00e1n legitimados por el consentimiento del interesado o en su defecto la existencia de una relaci\u00f3n contractual o solicitud del interesado. En el caso de que la persona que introduzca los datos sea diferente de la que se vaya a declarar usuario, se entender\u00e1 que ANDALUC\u00cdA AEROSPACE tiene consentimiento expreso del usuario y que \u00e9ste nos otorga autorizaci\u00f3n para realizar el tratamiento anteriormente descrito.<\/li>\n<li>Cumpliendo con el criterio de conservaci\u00f3n de los datos recogido en las regulaciones mencionadas, sus datos se conservar\u00e1n durante no m\u00e1s tiempo del necesario para mantener el fin del tratamiento y cuando ya no sea necesario para tal fin, se suprimir\u00e1n con medidas de seguridad adecuadas para garantizar la confidencialidad de los datos o la destrucci\u00f3n total de los mismos.<\/li>\n<li>Por obligaci\u00f3n legal sus datos pueden ser cedidos a las autoridades. Solo con su consentimiento expreso se podr\u00e1n ceder sus datos a terceros que participan en este mismo acto.<\/li>\n<li>Solicitamos su consentimiento para el tratamiento de las im\u00e1genes recogidas en estos actos, y la publicaci\u00f3n de \u00e9stas en nuestras RRSS y\/o en medios de comunicaci\u00f3n.<\/li>\n<li>Las personas interesadas podr\u00e1n ejercer los derechos de acceso, rectificaci\u00f3n, supresi\u00f3n u oposici\u00f3n, as\u00ed como el de limitaci\u00f3n del tratamiento o portabilidad en su caso, escribiendo un correo electr\u00f3nico a la direcci\u00f3n info@andaluciaaerospace.com adjuntando fotocopia de DNI del titular de los datos. Tambi\u00e9n podr\u00e1n ejercer el derecho a presentar una reclamaci\u00f3n ante la Autoridad de control (aepd.es) si considera que el tratamiento no se ajusta a la normativa vigente.<\/li>\n<li>ANDALUC\u00cdA AEROSPACE se reserva el derecho de modificar su pol\u00edtica de confidencialidad y de protecci\u00f3n de datos como consecuencia de un cambio legislativo, jurisprudencial o de pr\u00e1ctica empresarial. Si se produjera alguna modificaci\u00f3n, el nuevo texto ser\u00e1 publicado en esta p\u00e1gina, donde los usuarios podr\u00e1n tener acceso a la pol\u00edtica actual en materia de confidencialidad y protecci\u00f3n de datos. En cada caso, la relaci\u00f3n con los usuarios se regir\u00e1 por las normas previstas en el momento preciso en que se accede a la web.<\/li>\n<\/ul>\n<\/div>\n<\/div>\n<div class=\"col-xs-12 col-md-1\"><\/div>\n<\/div>\n<\/div>\n","protected":false},"excerpt":{"rendered":"<p>Pol\u00edtica de privacidad En cumplimiento de lo dispuesto en el Reglamento (UE) 2016\/679 de 27 de abril (GDPR) y la Ley Org\u00e1nica 3\/2018 de 5 de diciembre (LOPDGDD) le informamos de que: Sus datos personales, proporcionados v\u00eda formulario en la presente web o v\u00eda e-mail, son confidenciales y formar\u00e1n parte de los ficheros automatizados titularidad<\/p>\n<a class=\"btn btn-primary read-more-button\" href=\"https:\/\/andaluciaaerospace.com\/en\/privacy-policy\/\">Leer m\u00e1s...<\/a>","protected":false},"author":1,"featured_media":0,"parent":0,"menu_order":0,"comment_status":"closed","ping_status":"open","template":"pages-templates\/empty-page.php","meta":{"_acf_changed":false,"_bbp_topic_count":0,"_bbp_reply_count":0,"_bbp_total_topic_count":0,"_bbp_total_reply_count":0,"_bbp_voice_count":0,"_bbp_anonymous_reply_count":0,"_bbp_topic_count_hidden":0,"_bbp_reply_count_hidden":0,"_bbp_forum_subforum_count":0,"footnotes":""},"class_list":["post-24321","page","type-page","status-publish","hentry"],"acf":[],"yoast_head":"<!-- This site is optimized with the Yoast SEO plugin v23.6 - https:\/\/yoast.com\/wordpress\/plugins\/seo\/ -->\n<title>Privacy policy - Andaluc\u00eda Aerospace<\/title>\n<meta name=\"description\" content=\"Privacy policy .Andaluc\u00eda Aerospace, cl\u00faster empresarial aeroespacial andaluz.\" \/>\n<meta name=\"robots\" content=\"index, follow, max-snippet:-1, max-image-preview:large, max-video-preview:-1\" \/>\n<link rel=\"canonical\" href=\"https:\/\/andaluciaaerospace.com\/en\/privacy-policy\/\" \/>\n<meta property=\"og:locale\" content=\"en_US\" \/>\n<meta property=\"og:type\" content=\"article\" \/>\n<meta property=\"og:title\" content=\"Privacy policy - Andaluc\u00eda Aerospace\" \/>\n<meta property=\"og:description\" content=\"Privacy policy .Andaluc\u00eda Aerospace, cl\u00faster empresarial aeroespacial andaluz.\" \/>\n<meta property=\"og:url\" content=\"https:\/\/andaluciaaerospace.com\/en\/privacy-policy\/\" \/>\n<meta property=\"og:site_name\" content=\"Andaluc\u00eda Aerospace\" \/>\n<meta property=\"article:modified_time\" content=\"2021-06-25T09:59:45+00:00\" \/>\n<meta property=\"og:image\" content=\"http:\/\/andaluciaaerospace.com\/wp-content\/uploads\/2021\/04\/cabecera-contacto.jpg\" \/>\n<meta name=\"twitter:card\" content=\"summary_large_image\" \/>\n<meta name=\"twitter:label1\" content=\"Est. reading time\" \/>\n\t<meta name=\"twitter:data1\" content=\"3 minutes\" \/>\n<script type=\"application\/ld+json\" class=\"yoast-schema-graph\">{\"@context\":\"https:\/\/schema.org\",\"@graph\":[{\"@type\":[\"WebPage\",\"SearchResultsPage\"],\"@id\":\"https:\/\/andaluciaaerospace.com\/en\/privacy-policy\/\",\"url\":\"https:\/\/andaluciaaerospace.com\/en\/privacy-policy\/\",\"name\":\"Privacy policy - Andaluc\u00eda Aerospace\",\"isPartOf\":{\"@id\":\"https:\/\/andaluciaaerospace.com\/en\/#website\"},\"primaryImageOfPage\":{\"@id\":\"https:\/\/andaluciaaerospace.com\/en\/privacy-policy\/#primaryimage\"},\"image\":{\"@id\":\"https:\/\/andaluciaaerospace.com\/en\/privacy-policy\/#primaryimage\"},\"thumbnailUrl\":\"http:\/\/andaluciaaerospace.com\/wp-content\/uploads\/2021\/04\/cabecera-contacto.jpg\",\"datePublished\":\"2021-03-04T15:52:20+00:00\",\"dateModified\":\"2021-06-25T09:59:45+00:00\",\"description\":\"Privacy policy .Andaluc\u00eda Aerospace, cl\u00faster empresarial aeroespacial andaluz.\",\"breadcrumb\":{\"@id\":\"https:\/\/andaluciaaerospace.com\/en\/privacy-policy\/#breadcrumb\"},\"inLanguage\":\"en-US\",\"potentialAction\":[{\"@type\":\"ReadAction\",\"target\":[\"https:\/\/andaluciaaerospace.com\/en\/privacy-policy\/\"]}]},{\"@type\":\"ImageObject\",\"inLanguage\":\"en-US\",\"@id\":\"https:\/\/andaluciaaerospace.com\/en\/privacy-policy\/#primaryimage\",\"url\":\"http:\/\/andaluciaaerospace.com\/wp-content\/uploads\/2021\/04\/cabecera-contacto.jpg\",\"contentUrl\":\"http:\/\/andaluciaaerospace.com\/wp-content\/uploads\/2021\/04\/cabecera-contacto.jpg\"},{\"@type\":\"BreadcrumbList\",\"@id\":\"https:\/\/andaluciaaerospace.com\/en\/privacy-policy\/#breadcrumb\",\"itemListElement\":[{\"@type\":\"ListItem\",\"position\":1,\"name\":\"Portada\",\"item\":\"https:\/\/andaluciaaerospace.com\/en\/\"},{\"@type\":\"ListItem\",\"position\":2,\"name\":\"Privacy policy\"}]},{\"@type\":\"WebSite\",\"@id\":\"https:\/\/andaluciaaerospace.com\/en\/#website\",\"url\":\"https:\/\/andaluciaaerospace.com\/en\/\",\"name\":\"Andaluc\u00eda Aerospace\",\"description\":\"Cluster empresarial aeron\u00e1utico\",\"potentialAction\":[{\"@type\":\"SearchAction\",\"target\":{\"@type\":\"EntryPoint\",\"urlTemplate\":\"https:\/\/andaluciaaerospace.com\/en\/?s={search_term_string}\"},\"query-input\":{\"@type\":\"PropertyValueSpecification\",\"valueRequired\":true,\"valueName\":\"search_term_string\"}}],\"inLanguage\":\"en-US\"}]}<\/script>\n<!-- \/ Yoast SEO plugin. -->","yoast_head_json":{"title":"Privacy policy - Andaluc\u00eda Aerospace","description":"Privacy policy .Andaluc\u00eda Aerospace, cl\u00faster empresarial aeroespacial andaluz.","robots":{"index":"index","follow":"follow","max-snippet":"max-snippet:-1","max-image-preview":"max-image-preview:large","max-video-preview":"max-video-preview:-1"},"canonical":"https:\/\/andaluciaaerospace.com\/en\/privacy-policy\/","og_locale":"en_US","og_type":"article","og_title":"Privacy policy - Andaluc\u00eda Aerospace","og_description":"Privacy policy .Andaluc\u00eda Aerospace, cl\u00faster empresarial aeroespacial andaluz.","og_url":"https:\/\/andaluciaaerospace.com\/en\/privacy-policy\/","og_site_name":"Andaluc\u00eda Aerospace","article_modified_time":"2021-06-25T09:59:45+00:00","og_image":[{"url":"http:\/\/andaluciaaerospace.com\/wp-content\/uploads\/2021\/04\/cabecera-contacto.jpg"}],"twitter_card":"summary_large_image","twitter_misc":{"Est. reading time":"3 minutes"},"schema":{"@context":"https:\/\/schema.org","@graph":[{"@type":["WebPage","SearchResultsPage"],"@id":"https:\/\/andaluciaaerospace.com\/en\/privacy-policy\/","url":"https:\/\/andaluciaaerospace.com\/en\/privacy-policy\/","name":"Privacy policy - Andaluc\u00eda Aerospace","isPartOf":{"@id":"https:\/\/andaluciaaerospace.com\/en\/#website"},"primaryImageOfPage":{"@id":"https:\/\/andaluciaaerospace.com\/en\/privacy-policy\/#primaryimage"},"image":{"@id":"https:\/\/andaluciaaerospace.com\/en\/privacy-policy\/#primaryimage"},"thumbnailUrl":"http:\/\/andaluciaaerospace.com\/wp-content\/uploads\/2021\/04\/cabecera-contacto.jpg","datePublished":"2021-03-04T15:52:20+00:00","dateModified":"2021-06-25T09:59:45+00:00","description":"Privacy policy .Andaluc\u00eda Aerospace, cl\u00faster empresarial aeroespacial andaluz.","breadcrumb":{"@id":"https:\/\/andaluciaaerospace.com\/en\/privacy-policy\/#breadcrumb"},"inLanguage":"en-US","potentialAction":[{"@type":"ReadAction","target":["https:\/\/andaluciaaerospace.com\/en\/privacy-policy\/"]}]},{"@type":"ImageObject","inLanguage":"en-US","@id":"https:\/\/andaluciaaerospace.com\/en\/privacy-policy\/#primaryimage","url":"http:\/\/andaluciaaerospace.com\/wp-content\/uploads\/2021\/04\/cabecera-contacto.jpg","contentUrl":"http:\/\/andaluciaaerospace.com\/wp-content\/uploads\/2021\/04\/cabecera-contacto.jpg"},{"@type":"BreadcrumbList","@id":"https:\/\/andaluciaaerospace.com\/en\/privacy-policy\/#breadcrumb","itemListElement":[{"@type":"ListItem","position":1,"name":"Portada","item":"https:\/\/andaluciaaerospace.com\/en\/"},{"@type":"ListItem","position":2,"name":"Privacy policy"}]},{"@type":"WebSite","@id":"https:\/\/andaluciaaerospace.com\/en\/#website","url":"https:\/\/andaluciaaerospace.com\/en\/","name":"Andaluc\u00eda Aerospace","description":"Cluster empresarial aeron\u00e1utico","potentialAction":[{"@type":"SearchAction","target":{"@type":"EntryPoint","urlTemplate":"https:\/\/andaluciaaerospace.com\/en\/?s={search_term_string}"},"query-input":{"@type":"PropertyValueSpecification","valueRequired":true,"valueName":"search_term_string"}}],"inLanguage":"en-US"}]}},"_links":{"self":[{"href":"https:\/\/andaluciaaerospace.com\/en\/wp-json\/wp\/v2\/pages\/24321","targetHints":{"allow":["GET"]}}],"collection":[{"href":"https:\/\/andaluciaaerospace.com\/en\/wp-json\/wp\/v2\/pages"}],"about":[{"href":"https:\/\/andaluciaaerospace.com\/en\/wp-json\/wp\/v2\/types\/page"}],"author":[{"embeddable":true,"href":"https:\/\/andaluciaaerospace.com\/en\/wp-json\/wp\/v2\/users\/1"}],"replies":[{"embeddable":true,"href":"https:\/\/andaluciaaerospace.com\/en\/wp-json\/wp\/v2\/comments?post=24321"}],"version-history":[{"count":1,"href":"https:\/\/andaluciaaerospace.com\/en\/wp-json\/wp\/v2\/pages\/24321\/revisions"}],"predecessor-version":[{"id":24322,"href":"https:\/\/andaluciaaerospace.com\/en\/wp-json\/wp\/v2\/pages\/24321\/revisions\/24322"}],"wp:attachment":[{"href":"https:\/\/andaluciaaerospace.com\/en\/wp-json\/wp\/v2\/media?parent=24321"}],"curies":[{"name":"wp","href":"https:\/\/api.w.org\/{rel}","templated":true}]}}

<div class="cabecera-con-degradado">
<span class="degradado-cabecera"></span><br />
<img decoding="async" class="wp-post-image" src="http://andaluciaaerospace.com/wp-content/uploads/2021/04/cabecera-contacto.jpg" alt="Avión volando en puesta de sol" />
</div>
<div class="asociado container-fluid pt-5 mb-5">
<div class="row">
<div class="col-xs-12 col-md-1"></div>
<div class="col-xs-12 col-md-10">
<h1 class="pb-2 mb-4">Política de privacidad</h1>
<div class="px-5">
<p class="texto">En cumplimiento de lo dispuesto en el Reglamento (UE) 2016/679 de 27 de abril (GDPR) y la Ley Orgánica 3/2018 de 5 de diciembre (LOPDGDD) le informamos de que:</p>
<ul>
<li>Sus datos personales, proporcionados vía formulario en la presente web o vía e-mail, son confidenciales y formarán parte de los ficheros automatizados titularidad de Asociación De Empresas Del Sector Aeroespacial De Andalucia Hélice (en adelante <<ANDALUCIA AEROSPACE>>), CIF G90359217, con domicilio en Calle Ingeniero Rafael Rubio Elola 1, 2ª Planta, Oficina M.2.4 Oeste, Parque Tecnológico Aeronáutico “Aerópolis”, 41300 San José de la Rinconada, Sevilla (España). Dichos ficheros están inscritos en el Registro General de Protección de Datos de la Agencia Española de Protección de Datos.</li>
<li>El responsable del tratamiento automatizado de sus datos personales es ANDALUCÍA AEROSPACE.</li>
<li>Los datos solicitados son necesarios para inscribirse o formar parte de la actividad organizada por ANDALUCÍA AEROSPACE. La recogida y el tratamiento de los datos están legitimados por el consentimiento del interesado o en su defecto la existencia de una relación contractual o solicitud del interesado. En el caso de que la persona que introduzca los datos sea diferente de la que se vaya a declarar usuario, se entenderá que ANDALUCÍA AEROSPACE tiene consentimiento expreso del usuario y que éste nos otorga autorización para realizar el tratamiento anteriormente descrito.</li>
<li>Cumpliendo con el criterio de conservación de los datos recogido en las regulaciones mencionadas, sus datos se conservarán durante no más tiempo del necesario para mantener el fin del tratamiento y cuando ya no sea necesario para tal fin, se suprimirán con medidas de seguridad adecuadas para garantizar la confidencialidad de los datos o la destrucción total de los mismos.</li>
<li>Por obligación legal sus datos pueden ser cedidos a las autoridades. Solo con su consentimiento expreso se podrán ceder sus datos a terceros que participan en este mismo acto.</li>
<li>Solicitamos su consentimiento para el tratamiento de las imágenes recogidas en estos actos, y la publicación de éstas en nuestras RRSS y/o en medios de comunicación.</li>
<li>Las personas interesadas podrán ejercer los derechos de acceso, rectificación, supresión u oposición, así como el de limitación del tratamiento o portabilidad en su caso, escribiendo un correo electrónico a la dirección info@andaluciaaerospace.com adjuntando fotocopia de DNI del titular de los datos. También podrán ejercer el derecho a presentar una reclamación ante la Autoridad de control (aepd.es) si considera que el tratamiento no se ajusta a la normativa vigente.</li>
<li>ANDALUCÍA AEROSPACE se reserva el derecho de modificar su política de confidencialidad y de protección de datos como consecuencia de un cambio legislativo, jurisprudencial o de práctica empresarial. Si se produjera alguna modificación, el nuevo texto será publicado en esta página, donde los usuarios podrán tener acceso a la política actual en materia de confidencialidad y protección de datos. En cada caso, la relación con los usuarios se regirá por las normas previstas en el momento preciso en que se accede a la web.</li>
</ul>
</div>
</div>
<div class="col-xs-12 col-md-1"></div>
</div>
</div>

<p>Política de privacidad En cumplimiento de lo dispuesto en el Reglamento (UE) 2016/679 de 27 de abril (GDPR) y la Ley Orgánica 3/2018 de 5 de diciembre (LOPDGDD) le informamos de que: Sus datos personales, proporcionados vía formulario en la presente web o vía e-mail, son confidenciales y formarán parte de los ficheros automatizados titularidad</p>
<a class="btn btn-primary read-more-button" href="https://andaluciaaerospace.com/en/privacy-policy/">Leer más...</a>

<!-- This site is optimized with the Yoast SEO plugin v23.6 - https://yoast.com/wordpress/plugins/seo/ -->
<title>Privacy policy - Andalucía Aerospace</title>
<meta name="description" content="Privacy policy .Andalucía Aerospace, clúster empresarial aeroespacial andaluz." />
<meta name="robots" content="index, follow, max-snippet:-1, max-image-preview:large, max-video-preview:-1" />
<link rel="canonical" href="https://andaluciaaerospace.com/en/privacy-policy/" />
<meta property="og:locale" content="en_US" />
<meta property="og:type" content="article" />
<meta property="og:title" content="Privacy policy - Andalucía Aerospace" />
<meta property="og:description" content="Privacy policy .Andalucía Aerospace, clúster empresarial aeroespacial andaluz." />
<meta property="og:url" content="https://andaluciaaerospace.com/en/privacy-policy/" />
<meta property="og:site_name" content="Andalucía Aerospace" />
<meta property="article:modified_time" content="2021-06-25T09:59:45+00:00" />
<meta property="og:image" content="http://andaluciaaerospace.com/wp-content/uploads/2021/04/cabecera-contacto.jpg" />
<meta name="twitter:card" content="summary_large_image" />
<meta name="twitter:label1" content="Est. reading time" />
	<meta name="twitter:data1" content="3 minutes" />
<script type="application/ld+json" class="yoast-schema-graph">{"@context":"https://schema.org","@graph":[{"@type":["WebPage","SearchResultsPage"],"@id":"https://andaluciaaerospace.com/en/privacy-policy/","url":"https://andaluciaaerospace.com/en/privacy-policy/","name":"Privacy policy - Andalucía Aerospace","isPartOf":{"@id":"https://andaluciaaerospace.com/en/#website"},"primaryImageOfPage":{"@id":"https://andaluciaaerospace.com/en/privacy-policy/#primaryimage"},"image":{"@id":"https://andaluciaaerospace.com/en/privacy-policy/#primaryimage"},"thumbnailUrl":"http://andaluciaaerospace.com/wp-content/uploads/2021/04/cabecera-contacto.jpg","datePublished":"2021-03-04T15:52:20+00:00","dateModified":"2021-06-25T09:59:45+00:00","description":"Privacy policy .Andalucía Aerospace, clúster empresarial aeroespacial andaluz.","breadcrumb":{"@id":"https://andaluciaaerospace.com/en/privacy-policy/#breadcrumb"},"inLanguage":"en-US","potentialAction":[{"@type":"ReadAction","target":["https://andaluciaaerospace.com/en/privacy-policy/"]}]},{"@type":"ImageObject","inLanguage":"en-US","@id":"https://andaluciaaerospace.com/en/privacy-policy/#primaryimage","url":"http://andaluciaaerospace.com/wp-content/uploads/2021/04/cabecera-contacto.jpg","contentUrl":"http://andaluciaaerospace.com/wp-content/uploads/2021/04/cabecera-contacto.jpg"},{"@type":"BreadcrumbList","@id":"https://andaluciaaerospace.com/en/privacy-policy/#breadcrumb","itemListElement":[{"@type":"ListItem","position":1,"name":"Portada","item":"https://andaluciaaerospace.com/en/"},{"@type":"ListItem","position":2,"name":"Privacy policy"}]},{"@type":"WebSite","@id":"https://andaluciaaerospace.com/en/#website","url":"https://andaluciaaerospace.com/en/","name":"Andalucía Aerospace","description":"Cluster empresarial aeronáutico","potentialAction":[{"@type":"SearchAction","target":{"@type":"EntryPoint","urlTemplate":"https://andaluciaaerospace.com/en/?s={search_term_string}"},"query-input":{"@type":"PropertyValueSpecification","valueRequired":true,"valueName":"search_term_string"}}],"inLanguage":"en-US"}]}</script>
<!-- / Yoast SEO plugin. -->

Privacy policy - Andalucía Aerospace

Privacy policy .Andalucía Aerospace, clúster empresarial aeroespacial andaluz.

Andalucía Aerospace

Cluster empresarial aeronáutico
